rime number?
True
Is 120277067167 a composite number?
True
Is 12316460213 a composite number?
True
Is 81525199771 a prime number?
True
Is 1553170691 prime?
True
Is 31577158541 composite?
True
Is 6353537329 prime?
False
Is 4621430377 a prime number?
True
Is 7543666451 prime?
False
Is 25848573671 a prime number?
False
Is 381648009 a prime number?
False
Is 37710721 composite?
True
Is 15055114861 a prime number?
True
Is 40190796307 a composite number?
False
Is 10396325249 a composite number?
False
Is 1187164073 a prime number?
True
Is 20653496873 a composite number?
False
Is 6809218679 a composite number?
False
Is 24327177353 composite?
False
Is 3725299273 prime?
False
Is 27779424313 composite?
True
Is 544496957 a prime number?
False
Is 444988793 prime?
False
Is 2459155913 a prime number?
True
Is 19188482431 a composite number?
False
Is 172469249207 prime?
False
Is 194877635 a prime number?
False
Is 9144294563 a composite number?
False
Is 17468600122 prime?
False
Is 887283799 a prime number?
True
Is 35904420449 a composite number?
True
Is 5999388665 prime?
False
Is 1721584427 a prime number?
True
Is 18828965561 a composite number?
True
Is 302414935 composite?
True
Is 34760176019 a prime number?
True
Is 107536083209 composite?
False
Is 122409283 a prime number?
False
Is 14596786247 prime?
True
Is 815513051 composite?
False
Is 6717360497 a prime number?
False
Is 46110620091 prime?
False
Is 3699248389 a prime number?
True
Is 5336349667 a prime number?
False
Is 26477777867 prime?
False
Is 2694230641 prime?
True
Is 20445743 composite?
True
Is 27379723103 a composite number?
True
Is 645879727 a prime number?
False
Is 47490464237 a composite number?
True
Is 418750391 composite?
False
Is 13544930261 prime?
True
Is 4187147343 composite?
True
Is 18239151583 prime?
False
Is 1153112173 composite?
True
Is 1754743649 a composite number?
True
Is 3500120051 composite?
True
Is 252490493 prime?
False
Is 1683354737 composite?
False
Is 57117305554 a composite number?
True
Is 231738431 prime?
True
Is 11178652658 a prime number?
False
Is 11302903 composite?
False
Is 197582955539 a composite number?
False
Is 23588893 a composite number?
True
Is 11688083255 composite?
True
Is 43185137 prime?
True
Is 3047504227 a prime number?
True
Is 4098094409 composite?
True
Is 6334788677 a prime number?
False
Is 7534262161 prime?
False
Is 823381487 a prime number?
True
Is 65487507207 a composite number?
True
Is 1479178849 a prime number?
True
Is 1169433959 a prime number?
True
Is 2301223391 a composite number?
True
Is 2147109559 a prime number?
False
Is 744956987 prime?
False
Is 610822057 a composite number?
False
Is 8382663299 a prime number?
True
Is 59170390333 a composite number?
True
Is 12286534837 a composite number?
False
Is 669705037 a composite number?
False
Is 84321527 a prime number?
False
Is 2316471049 a composite number?
False
Is 6895609471 prime?
True
Is 30120031967 a prime number?
True
Is 318143963 composite?
True
Is 711296853 composite?
True
Is 69112552699 a prime number?
True
Is 229817657 a composite number?
False
Is 4847349239 a composite number?
True
Is 927391867 composite?
False
Is 111628675667 composite?
True
Is 385142059 prime?
False
Is 7239281419 a composite number?
False
Is 3716686865 prime?
False
Is 3568597377 a prime number?
False
Is 11976600973 prime?
False
Is 7847315323 a composite number?
False
Is 1225550531 prime?
False
Is 34558407577 prime?
True
Is 76078789387 a composite number?
False
Is 21366843721 prime?
True
Is 7174255667 prime?
True
Is 14938283389 composite?
False
Is 595977355 prime?
False
Is 1263021547 composite?
True
Is 19584101839 a prime number?
False
Is 4567291777 a composite number?
True
Is 30013761387 a composite number?
True
Is 10144583477 composite?
True
Is 1662707419 prime?
True
Is 11428282807 composite?
False
Is 1067294209 prime?
True
Is 78493033 composite?
False
Is 73013027 composite?
False
Is 37543905331 a prime number?
False
Is 26332827847 prime?
True
Is 2086724141 a prime number?
True
Is 4867895897 a composite number?
False
Is 2230824587 composite?
False
Is 34691778967 a prime number?
True
Is 99605855 a prime number?
False
Is 2894168539 a composite number?
False
Is 1438002509 a composite number?
False
Is 340015271 a prime number?
True
Is 2059114781 a prime number?
True
Is 5407858637 a composite number?
False
Is 4005661519 prime?
False
Is 35959709939 a prime number?
True
Is 3593900171 a prime number?
True
Is 890298379 a composite number?
False
Is 1037251751 prime?
False
Is 20797156741 composite?
False
Is 55785195409 composite?
False
Is 5031033065 a composite number?
True
Is 6236487547 a prime number?
True
Is 183452443 prime?
True
Is 26278360111 a prime number?
False
Is 17342484823 a prime number?
False
Is 6098597783 a composite number?
True
Is 51629724589 a composite number?
False
Is 74601561289 a composite number?
True
Is 4257968959 composite?
False
Is 3289383613 a composite number?
False
Is 550820593 prime?
False
Is 59459956513 a prime number?
True
Is 2815591963 composite?
True
Is 2112597281 a prime number?
True
Is 2185268443 a composite number?
False
Is 21310018487 a composite number?
True
Is 1845557279 a prime number?
True
Is 5419232539 prime?
False
Is 6230800223 prime?
True
Is 568373567 a prime number?
True
Is 24616663823 a composite number?
True
Is 5511857867 a prime number?
True
Is 119798622161 prime?
False
Is 1867474967 composite?
False
Is 54375638333 a prime number?
True
Is 13134456089 a prime number?
True
Is 13390633 prime?
False
Is 11516555605 composite?
True
Is 5548019369 composite?
False
Is 80006963 a composite number?
True
Is 8684488123 a prime number?
False
Is 2286507527 a composite number?
False
Is 866188307 prime?
True
Is 281668491463 a composite number?
False
Is 2928824219 composite?
False
Is 11348268887 prime?
True
Is 1548590431 a composite number?
True
Is 84665241191 a composite number?
False
Is 1609352779 a prime number?
True
Is 5797376483 prime?
False
Is 100967893207 prime?
True
Is 17733821951 prime?
False
Is 7693765187 prime?
True
Is 3966470759 a prime number?
False
Is 7012697191 prime?
True
Is 2592512761 a prime number?
True
Is 282237854 composite?
True
Is 42956953069 prime?
False
Is 7320241459 prime?
True
Is 24572180593 a composite number?
True
Is 1688358103 composite?
True
Is 2227349213 a prime number?
True
Is 943745053 a prime number?
False
Is 2179847051 a composite number?
True
Is 88535174419 a composite number?
False
Is 790461011 a composite number?
False
Is 2905488767 composite?
True
Is 24536912171 composite?
True
Is 52296642941 a prime number?
True
Is 4763763751 a prime number?
False
Is 1126028821 prime?
True
Is 2563470071 a composite number?
True
Is 79297679941 composite?
False
Is 728798977 prime?
True
Is 624821953 a composite number?
True
Is 16750673503 a composite number?
False
Is 3803637083 a composite number?
False
Is 35650819567 composite?
True
Is 114586281343 composite?
True
Is 570752137 prime?
False
Is 569695081 composite?
True
Is 638392687 prime?
False
Is 11849613857 a composite number?
True
Is 10954320583 a prime number?
False
Is 669543829 composite?
False
Is 2568737209 composite?
True
Is 17455928947 composite?
False
Is 3303067619 a prime number?
True
Is 23275223339 a composite number?
True
Is 3231783869 composite?
False
Is 215846677 prime?
False
Is 1170789701 a composite number?
True
Is 1115819993 a composite number?
True
Is 997336567 composite?
True
Is 3040035821 composite?
False
Is 78483536869 a composite number?
True
Is 15655602589 prime?
False
Is 402432013 a composite number?
False
Is 2180029597 a prime number?
True
Is 1153086917 a composite number?
True
Is 7149097957 a composite number?
False
Is 103303282847 prime?
False
Is 3915618701 prime?
True
Is 912059677 a prime number?
False
Is 348066923 a prime number?
False
Is 2472986486 a prime number?
False
Is 729049313 prime?
False
Is 335984813 a prime number?
False
Is 1292699072255 composite?
True
Is 1415180303 a composite number?
False
Is 1865493481 composite?
True
Is 19213002583 composite?
True
Is 1497900269 a composite number?
True
Is 9230784881 prime?
True
Is 19562653567 a prime number?
True
Is 5810907223 composite?
True
Is 977706293 a composite number?
False
Is 35122717403 composite?
True
Is 10446458653 a composite number?
True
Is 1032